-3 + 5.
8
What is 37 + -22 + -14 + 4 + 0?
5
Evaluate -5 + 1 - (7 + 3 - 24 - 3).
13
What is -8 - (-11 - (-6 - 1)) - -16?
12
Calculate (17 - (7 - 17 - -18)) + -7.
2
Evaluate 0 + (8 - 28) + 11 + 20.
11
(36 - 33) + 3 + -2 + -1 + 1
4
Evaluate 12 + (-20 - 16 - -16).
-8
What is (1 - 2) + (5 + -5 - 1)?
-2
What is -29 - (-5 + 15 + -18)?
-21
Calculate -5 + (-3 - 4) + 4 - 9.
-17
What is the value of -24 - -15 - (8 + -12 - 41)?
36
Calculate 2 - (-7 - (-1 - 14)).
-6
Evaluate -11 - (13 + -16 - (-1 + -5)).
-14
What is the value of 1 - (-7 + 10 + -4 + (-4 - -1))?
5
Evaluate (9 - 12) + 22 + 11 + -17.
13
What is the value of 6 + -6 - (-2 - (7 - (6 - -7)))?
-4
-6 - (-2 - -11 - 17)
2
Calculate 3 - (-9 + 2) - (5 + 33).
-28
What is the value of (15 - 25 - 8) + -7 + 2?
-23
3 + -3 - (10 - (9 + -2)) - 0
-3
Calculate -5 - (-15 + 38 - -2).
-30
Calculate -6 + -5 + -4 + 6.
-9
Calculate (-5 - -7 - 0) + -2 - -3 - -6.
9
Calculate -5 + 21 + -13 + 15.
18
Evaluate -1 - (-2 + 1) - (1108 - 1093).
-15
What is 3 - (-1 + 13) - -9?
0
Evaluate 30 + (-27 - (-19 + 4)).
18
What is 44 + 0 + (2077 - 2113)?
8
Evaluate -7 + 17 + (-20 - -12) + (-1 - -8).
9
What is the value of 45 - 52 - 17 - (2 - -2)?
-28
Evaluate (2 - -6) + (-19 - -22).
11
What is the value of 2 - 12 - (-6 - -4 - 0)?
-8
(1 - (8 - 13)) + 8
14
(4 - -10) + (7 - (3 - (8 + -3)))
23
(-7 - 17) + 1 + (6 - 8) + 8
-17
Calculate (4 - 1) + 29 + (-1 - 35).
-4
Calculate 1 + 19 - (-84 - -85) - 12.
7
What is the value of 9 + -2 - (7 - 3 - -5)?
-2
What is 1 - -2 - 0 - (91 - 99)?
11
Calculate -31 - (-40 + 1 - -13).
-5
Calculate 15 - (40 - -29) - -29.
-25
7 + (-4 - ((2 - 5) + -2) - 6)
2
What is 2 + 3 - 7 - (-12 - -9)?
1
Evaluate -9 + (0 - (-6 - ((-3 - 7) + 7))).
-6
What is the value of (3 + 1 - (23 - 5 - 21)) + -14?
-7
Calculate 33 + (18 - 12 - 35).
4
-11 - (-8 - (37 - 10))
24
What is the value of 19 + (-50 - -7) + 22 + (-1 - 21)?
-24
(-1 - (2 - ((11 - 3) + -6))) + 4
3
What is 9 + -6 - (-1 + 3 + -1)?
2
What is the value of -4 + 6 - 6 - (-57 + 51)?
2
Evaluate (-2 - -13) + 3 + -16 + 17.
15
What is the value of -15 - (-3 + -3) - 5?
-14
What is -3 + (-11 - (6 + -1)) - -4?
-15
What is (1 + -4 - 31) + 374 + -356?
-16
What is 22 + (-23 - (-8 - 12))?
19
Evaluate -3 + (-2 - -1 - -18) - (0 + 3).
11
What is the value of 15 + -17 - 13 - -21?
6
3 + (7 - 8) + (-11 - -1)
-8
What is the value of (32 - 79) + 41 + 14?
8
Evaluate 4 + -4 - 2 - (1 + 1 + -9).
5
Calculate (2 - 10) + -38 + 56.
10
3 + -34 + 11 + 13
-7
What is -26 + (48 - 25) + (2 - (-4 + 2))?
1
Calculate -22 + (-115 + 110 - (-1 + -13)).
-13
What is (-7 + 12 - 32) + 5 + 2?
-20
Evaluate -62 + 81 + -2 + -1.
16
5 + -13 + 3 + (6 - 1) - -6
6
Calculate -24 - (-3 - (-13 + 32 + -8)).
-10
What is the value of -8 + (0 - 1) + (107 - 102) - -23?
19
Calculate (-4 + -5 - -15) + -21 + -3.
-18
What is the value of (-32 - -15) + -20 - -3?
-34
-20 - 8 - (-63 - -39)
-4
What is (1 + 0 - -7) + (3 - -49 - 51)?
9
Calculate 9 - (-14 + (10 - 0) + 7).
6
Evaluate -1 + 8 + (16 - 22 - 3).
-2
Calculate -9 + -7 - (-10 - -2) - 6.
-14
What is the value of -9 - (6 + 1 + -12)?
-4
Evaluate 3 + (-4 - (12 + (-13 - 0))).
0
Evaluate -1122 + 1143 + -9 + (-1 - -2).
13
Evaluate 43 + -25 + 4 + -39.
-17
Calculate (1 - (10 - -1 - 4)) + 7.
1
What is the value of -5 - (8 + 9 + -11)?
-11
9 + (12 + -7 + -1 - (4 + 1))
8
Evaluate -6 - (-53 + (-1 - -13)).
35
Evaluate 66 + -43 - (5 + 8).
10
Calculate 7 + (-28 - (3 + (8 - 22))).
-10
What is the value of 3 + (-9 - -5 - 6)?
-7
6 - (-9 + 11) - -16 - (-7 - -8)
19
Evaluate (0 - 12) + 7 + 0 + 17.
12
What is the value of -19 + (24 - (-14 + 25))?
-6
1 + -9 - (-10 + 17 + -8)
-7
What is -32 + 3 - -19 - (-1 - 10)?
1
Calculate 6 + -15 - -1 - (-5 + -4 + 3).
-2
What is -13 - (-3 + 2 - (-9 - -15))?
-6
What is the value of (11 - (-21 + 31)) + -8?
-7
-26 - (-41 - -23 - 36)
28
8 - (-8 + (12 - -1)) - -2
5
Calculate 7 + (-23 - -14) + 6.
4
What is the value of 0 + (52 - 52 - (-1 - 4)) + -9?
-4
What is 5 + 12 + -19 + (3 - 4)?
-3
Calculate -19 + (-6 - -19) + -6.
-12
-6 - (-8 - -13 - 23)
12
(-12 + 14 - 2) + 11
11
6 + (-4 - 19) + 23
6
Evaluate -1 - 11 - (-54 + -15 + 45).
12
Calculate 2 + -6 - (-1 + -7 + 16).
-12
Calculate -2 + 1 + (-9 - 6) + 10 - -8.
2
Evaluate -48 + 7 + 12 + 11.
-18
What is 12 + -6 - -2 - 2?
6
What is 1 - (6 + (-8 - (1 - 6)) - -2)?
-4
-7 + 6 + (2 - 5) - 3 - -9
2
What is the value of -22 + (58 - 14) - (3 + -2 + -9)?
30
-1 + 2 - ((2 - 2) + 103 + -93)
-9
Calculate (20 - 60) + 4 - (-5 + 0 - 0).
-31
13 + (12 - 28) + 5
2
Evaluate (38 + -60 - -23) + 31.
32
Calculate 19 + -3 + -2 + (25 - (0 - -13)).
26
-4 + 3 + 0 + 18 + (-8 - -2)
11
-4 + -2 + (23 - 16) - -17
18
Evaluate 4 + -2 + 5 + -13 + 3 + 5.
2
Calculate -35 - (-5 - (3 + -4)).
-31
What is (2 - (18 - -2)) + 3?
-15
Evaluate -10 + 5 + -1 + -2 + -4 + 5.
-7
What is the value of (12 - -5) + 0 + (-2 - 1)?
14
Calculate 9 + 1 + (9 - (-13 + 12 - -1)).
19
What is -17 + (8 - 14) + 18?
-5
What is 1 + 5 + (-20 - -4 - (1 - 12))?
1
Calculate (-1 + -5 - (-15 + 7)) + (-2 - -6).
6
What is -6 + (7 - (-11 - -24) - -16)?
4
Evaluate -11 + (-85 - -88) + 7 + 2.
1
What is 1 + 7 + (3 - 42)?
-31
What is the value of (-37 - -33) + -15 - (0 + -1)?
-18
What is the value of 3 - (-5 + -29 - -36)?
1
What is 1 + -12 + -5 + -12?
-28
What is 8 - (7 - (23 - (13 - 6)))?
17
What is 11 + 1 + -9 - 0 - -9?
12
Evaluate -4 - 8 - 3 - -26.
11
0 - -1 - 0 - (109 - 75 - 40)
7
Evaluate 6 + 3 + -3 + -5 - (-7 - 9).
17
(4 - -1 - -3) + 28 + -25
11
Evaluate -39 + (-48 - -6 - -102).
21
What is -30 - -36 - (13 + -10 - (0 + 3))?
6
Calculate -14 + 7 - (19 - 6).
-20
Evaluate -77 - -69 - (5 - (1 - 2)).
-14
What is (-37 - -30) + (15 - ((4 - 7) + 3))?
8
Calculate 61 + -70 - (-1 - 4).
-4
Calculate 24 - (28 + -28 + -6 + 5 + 3).
22
Calculate 29 - -2 - (22 + 21 + -28).
16
4 - (-3 - -1 - -8 - -11)
-13
Calculate 5 + (0 - 9) - (3 + (-22 - -7)).
8
What is (-2 - -65) + (472 - 508)?
27
What is -10 - (-19 - (12 - 12))?
9
Calculate (1 - -25) + (659 - 685).
0
What is -3 + 32 - (-334 - -332)?
31
Calculate 19 - (11 - (3 - -1) - (15 - 12)).
15
-22 + (-2 - -19) + 6
1
What is the value of 857 + -823 - (57 + 0)?
-23
Evaluate 12 + (-45 - -1) + (-3 + 0 - 4).
-39
What is the value of 6 - ((13 - 8 - 8) + 7)?
2
Calculate 4 + 5 - (-253 - -250).
12
(1 - 2 - -5) + (-32 - -16)
-12
Evaluate (-3 - (-8 - -1)) + (7 - -5).
16
What is the value of 12 - 4 - (-52 + 42)?
18
What is -8 + (-28 - -24) - (-4 + -8)?
0
Evaluate (23 - (-4 + 8) - 5) + -2.
12
Calculate -30 + 39 + 22 - 4.
27
What is (-17 + (-6 - -38) - 3) + 8?
20
What is -4 + (2 - -6) + (-1 - 7) + -18?
-22
9 - (-15 + 20 + 6)
-2
What is -21 + 14 + (-15 - (0 - (-6 - -13)))?
-15
Calculate (9 - 3) + (12 - 21) - 3.
-6
What is -172 + 172 - (0 + 9 + 1)?
-10
Calculate (-36 - -65 - 15) + -1 + -4.
9
27 + (13 - 18) - 33
-11
9 + (1 - (21 - (4 - -13)))
6
(3 - 7) + -115 + 102
-17
What is the value of 4 - ((5 - -7) + -19)?
11
What is the value of -38 + (-44 - -94) + (14 - 1)?
25
7 + -12 + 6 + (1 - (2 - 0))
0
What is the value of 1 + -1 + (-7 - -11) + -2?
2
What is the value of 9 - (-15 + 67 - 32)?
-11
Evaluate (-6 - 3) + -13 + 12.
-10
What is the value of 6 - 9 - (0 - 6 - -3)?
0
43 - (30 + 7 - 24)
30
Evaluate 5 + -15 + -16 + 20 + -11.
-17
Calculate -34 - -64 - (-1 - -21).
10
Calculate 1 - 6 - (15 + (23 - 55) - 0).
12
10 + (-3 - 0) + 119 + -127
-1
26 - (95 - (-29 - -71))
-27
What is the value of -9 - (9 + -22 + -5 + 4)?
5
What is the value of 5 - (6 - (-7 - 8) - 7)?
-9
-24 + 32 + (1 + 0 - 3)
6
(-6 - (8 + -16 - -7)) + (7 - -1)
3
Calculate 14 - (12 - 8 - -9).
1
What is the value of (-2 + 22 - 5) + (2 - 6)?
11
What is (-5 + 7 - 13) + -24 + -31 + 32?
-34
Evaluate -156 + 154 + (0 + -25 - 0).
-27
Calculate (-1371 - -1377) + (-27 - 0).
-21
Calculate -8 + 5 + -15 + -8.
-26
1 - (10 + (-3 - 8) - (-6 + 1))
-3
Evaluate (-1 + 0 - (-1 + 0)) + (-437 - -442).
5
What is the value of (-13 - -2) + -3 + 4 + -9 + 9?
-10
What is (10 - (-2 + 7)) + (-9 - (3 + -4))?
-3
Evaluate (7 - 4) + -2 - (-7 + -11 + 25).
-6
What is (-1 - 0) + 15 + 38 + -63?
-11
Calculate 2 + -2 + 11 + -6 + 3 + -2.
6
Calculate 13 - -2 - (-487 + 504).
-2
Calculate -1 + 17 + -37 - -8.
-13
Evaluate 7 + 1 - 3 - 6 - -1.
0
Evaluate -7 - 2 - -22 - 17.
-4
What is the value of -5 - (-1 - 2) - (-19 - (-39 - -22))?
0
(26 + -46 - -6) + 9
-5
Evaluate (19 - (-1 + 2)) + (381 - 384) + -2.
1